{"id":20,"date":"2017-03-19T21:20:37","date_gmt":"2017-03-19T20:20:37","guid":{"rendered":"http:\/\/www.cdmjsea95.org\/?page_id=20"},"modified":"2025-06-01T16:28:11","modified_gmt":"2025-06-01T14:28:11","slug":"comite-directeur","status":"publish","type":"page","link":"http:\/\/www.cdmjsea95.org\/?page_id=20","title":{"rendered":"Instance Dirigeante"},"content":{"rendered":"\n<p class=\"has-light-green-cyan-background-color has-background\"><strong> Le Comit\u00e9 D\u00e9partemental est administr\u00e9 par une Instance Dirigeante compos\u00e9e de 8 membres au minimum et 24 membres au maximum. <\/strong><\/p>\n\n\n\n<p><strong>Vous pouvez prendre connaissance de la liste et des postes des Membres composant l&rsquo;Instance Dirigeante du CDMJSEA 95<\/strong> <\/p>\n\n\n\n<p>Suite \u00e0 l&rsquo;Assembl\u00e9e G\u00e9n\u00e9rale de Montsoult du 8 mars 2025 &#8211; <\/p>\n\n\n\n<p class=\"has-large-font-size\"><a href=\"http:\/\/www.cdmjsea95.org\/wp-content\/uploads\/2025\/06\/2025-2028-Instance-Dirigeante-v3.pdf\" target=\"_blank\" rel=\"noreferrer noopener\"> <strong>Cliquer ici <\/strong><\/a><\/p>\n\n\n\n<p><\/p>\n","protected":false},"excerpt":{"rendered":"<p>Le Comit\u00e9 D\u00e9partemental est administr\u00e9 par une Instance Dirigeante compos\u00e9e de 8 membres au minimum et 24 membres au maximum. Vous pouvez prendre connaissance de la liste et des postes des Membres composant l&rsquo;Instance Dirigeante du CDMJSEA 95 Suite \u00e0 l&rsquo;Assembl\u00e9e G\u00e9n\u00e9rale de Montsoult du 8 mars 2025 &#8211; Cliquer ici<\/p>\n","protected":false},"author":1,"featured_media":0,"parent":0,"menu_order":0,"comment_status":"closed","ping_status":"closed","template":"","meta":{"footnotes":""},"class_list":["post-20","page","type-page","status-publish","hentry"],"_links":{"self":[{"href":"http:\/\/www.cdmjsea95.org\/index.php?rest_route=\/wp\/v2\/pages\/20","targetHints":{"allow":["GET"]}}],"collection":[{"href":"http:\/\/www.cdmjsea95.org\/index.php?rest_route=\/wp\/v2\/pages"}],"about":[{"href":"http:\/\/www.cdmjsea95.org\/index.php?rest_route=\/wp\/v2\/types\/page"}],"author":[{"embeddable":true,"href":"http:\/\/www.cdmjsea95.org\/index.php?rest_route=\/wp\/v2\/users\/1"}],"replies":[{"embeddable":true,"href":"http:\/\/www.cdmjsea95.org\/index.php?rest_route=%2Fwp%2Fv2%2Fcomments&post=20"}],"version-history":[{"count":19,"href":"http:\/\/www.cdmjsea95.org\/index.php?rest_route=\/wp\/v2\/pages\/20\/revisions"}],"predecessor-version":[{"id":1516,"href":"http:\/\/www.cdmjsea95.org\/index.php?rest_route=\/wp\/v2\/pages\/20\/revisions\/1516"}],"wp:attachment":[{"href":"http:\/\/www.cdmjsea95.org\/index.php?rest_route=%2Fwp%2Fv2%2Fmedia&parent=20"}],"curies":[{"name":"wp","href":"https:\/\/api.w.org\/{rel}","templated":true}]}}