{"id":1187,"date":"2024-02-01T17:23:34","date_gmt":"2024-02-01T16:23:34","guid":{"rendered":"https:\/\/www.cdmjsea95.org\/?page_id=1187"},"modified":"2024-02-03T19:35:24","modified_gmt":"2024-02-03T18:35:24","slug":"rgpd","status":"publish","type":"page","link":"https:\/\/www.cdmjsea95.org\/?page_id=1187","title":{"rendered":"RGPD"},"content":{"rendered":"\n<p>Le<strong>&nbsp;RGPD est le sigle de R\u00e8glement G\u00e9n\u00e9ral sur la Protection des Donn\u00e9es,<\/strong>&nbsp;un r\u00e8glement europ\u00e9en qui encadre le traitement des donn\u00e9es personnelles sur le territoire de l\u2019Union Europ\u00e9enne.<br>Votre correspondant, d\u00e9l\u00e9gu\u00e9 \u00e0 la protection des donn\u00e9es (dpo) est joignable \u00e0 cette adresse mail :<\/p>\n\n\n\n<p class=\"has-text-align-center has-vivid-cyan-blue-color has-text-color has-link-color wp-elements-87beb9ad286aa7486c461441f0680219\"><strong><a href=\"mailto:dpo.cdmjsea95@gmail.com\">dpo.cdmjsea95@gmail.com<\/a><\/strong><\/p>\n\n\n\n<p><strong><u>POLITIQUE <\/u><\/strong><strong><u>DE <\/u><\/strong><strong><u>DONN\u00c9ES ADH\u00c9RENTS ET M\u00c9DAILLABLES CDMJSEA95<\/u><\/strong><strong><u><\/u><\/strong><\/p>\n\n\n\n<p><strong><u>RESPONSABLE <\/u><\/strong><strong><u>DE TRAITEMENT<\/u><\/strong><\/p>\n\n\n\n<p>Le Comit\u00e9 D\u00e9partemental des M\u00e9daill\u00e9s de la Jeunesse, des Sports et de l\u2019Engagement Associatif du Val d\u2019Oise (CDMJSEA95) est une association loi 1901 repr\u00e9sentant pour le Val d\u2019Oise la F\u00e9d\u00e9ration des M\u00e9daill\u00e9s de la Jeunesse, des Sports et l\u2019Engagement Associatif (FFMJSEA).<\/p>\n\n\n\n<p>Le d\u00e9l\u00e9gu\u00e9 \u00e0 la protection des donn\u00e9es (DPO) nomm\u00e9 pour le CDMJSEA95 est&nbsp;joignable par courrier \u00e0 la Maison des Comit\u00e9s \u00ab&nbsp;Jean Bouvelle&nbsp;\u00bb 106 rue des Bussys 95600 Eaubonne et par mail dpo.cdmjsea95@gmail.com<\/p>\n\n\n\n<p><strong><u>DESTINATAIRES DU TRAITEMENT Adh\u00e9rents\/M\u00e9daillables <\/u><\/strong>:   <\/p>\n\n\n\n<p class=\"has-text-align-center has-white-background-color has-background\"><a href=\"http:\/\/www.cdmjsea95.org\/wp-content\/uploads\/2024\/02\/RGPD-CDMJSEA95-2.pdf\" target=\"_blank\" rel=\"noreferrer noopener\">Lire la suite<\/a><br><\/p>\n\n\n\n<p><\/p>\n","protected":false},"excerpt":{"rendered":"<p>Le&nbsp;RGPD est le sigle de R\u00e8glement G\u00e9n\u00e9ral sur la Protection des Donn\u00e9es,&nbsp;un r\u00e8glement europ\u00e9en qui encadre le traitement des donn\u00e9es personnelles sur le territoire de l\u2019Union Europ\u00e9enne.Votre correspondant, d\u00e9l\u00e9gu\u00e9 \u00e0 la protection des donn\u00e9es (dpo) est joignable \u00e0 cette adresse mail : dpo.cdmjsea95@gmail.com POLITIQUE DE DONN\u00c9ES ADH\u00c9RENTS ET M\u00c9DAILLABLES CDMJSEA95 RESPONSABLE DE TRAITEMENT Le Comit\u00e9 [&hellip;]<\/p>\n","protected":false},"author":1,"featured_media":1234,"parent":10,"menu_order":-3,"comment_status":"closed","ping_status":"closed","template":"","meta":{"footnotes":""},"class_list":["post-1187","page","type-page","status-publish","has-post-thumbnail","hentry"],"_links":{"self":[{"href":"https:\/\/www.cdmjsea95.org\/index.php?rest_route=\/wp\/v2\/pages\/1187","targetHints":{"allow":["GET"]}}],"collection":[{"href":"https:\/\/www.cdmjsea95.org\/index.php?rest_route=\/wp\/v2\/pages"}],"about":[{"href":"https:\/\/www.cdmjsea95.org\/index.php?rest_route=\/wp\/v2\/types\/page"}],"author":[{"embeddable":true,"href":"https:\/\/www.cdmjsea95.org\/index.php?rest_route=\/wp\/v2\/users\/1"}],"replies":[{"embeddable":true,"href":"https:\/\/www.cdmjsea95.org\/index.php?rest_route=%2Fwp%2Fv2%2Fcomments&post=1187"}],"version-history":[{"count":8,"href":"https:\/\/www.cdmjsea95.org\/index.php?rest_route=\/wp\/v2\/pages\/1187\/revisions"}],"predecessor-version":[{"id":1227,"href":"https:\/\/www.cdmjsea95.org\/index.php?rest_route=\/wp\/v2\/pages\/1187\/revisions\/1227"}],"up":[{"embeddable":true,"href":"https:\/\/www.cdmjsea95.org\/index.php?rest_route=\/wp\/v2\/pages\/10"}],"wp:featuredmedia":[{"embeddable":true,"href":"https:\/\/www.cdmjsea95.org\/index.php?rest_route=\/wp\/v2\/media\/1234"}],"wp:attachment":[{"href":"https:\/\/www.cdmjsea95.org\/index.php?rest_route=%2Fwp%2Fv2%2Fmedia&parent=1187"}],"curies":[{"name":"wp","href":"https:\/\/api.w.org\/{rel}","templated":true}]}}