{"id":47,"date":"2017-03-19T21:29:01","date_gmt":"2017-03-19T20:29:01","guid":{"rendered":"http:\/\/www.cdmjsea95.org\/?page_id=47"},"modified":"2026-01-15T08:36:28","modified_gmt":"2026-01-15T07:36:28","slug":"adhesion","status":"publish","type":"page","link":"https:\/\/www.cdmjsea95.org\/?page_id=47","title":{"rendered":"ADH\u00c9SION"},"content":{"rendered":"\n<figure class=\"wp-block-image size-large\"><img loading=\"lazy\" decoding=\"async\" width=\"1024\" height=\"307\" src=\"http:\/\/www.cdmjsea95.org\/wp-content\/uploads\/2026\/01\/Bandeau_fiche_2026-1024x307.jpg\" alt=\"\" class=\"wp-image-1552\" srcset=\"https:\/\/www.cdmjsea95.org\/wp-content\/uploads\/2026\/01\/Bandeau_fiche_2026-1024x307.jpg 1024w, https:\/\/www.cdmjsea95.org\/wp-content\/uploads\/2026\/01\/Bandeau_fiche_2026-300x90.jpg 300w, https:\/\/www.cdmjsea95.org\/wp-content\/uploads\/2026\/01\/Bandeau_fiche_2026-768x230.jpg 768w, https:\/\/www.cdmjsea95.org\/wp-content\/uploads\/2026\/01\/Bandeau_fiche_2026.jpg 1240w\" sizes=\"auto, (max-width: 1024px) 100vw, 1024px\" \/><\/figure>\n\n\n\n<p class=\"has-background has-medium-font-size\" style=\"background-color:#ffec80\"><strong>Lors de l\u2019Assembl\u00e9e G\u00e9n\u00e9rale 2025, \u00e0 Montsoult, les cotisations, sans changement, ont \u00e9t\u00e9 approuv\u00e9es \u00e0 la majorit\u00e9 des suffrages exprim\u00e9s. <\/strong><\/p>\n\n\n\n<h3 class=\"wp-block-heading has-text-align-center has-background\" style=\"background-color:#e9fc8d\">Afin de mettre \u00e0 jour notre fichier, veuillez remplir les 2 pages du document. <br><a href=\"http:\/\/www.cdmjsea95.org\/wp-content\/uploads\/2026\/01\/Fiche_et_adhesion_2026.docx\" target=\"_blank\" rel=\"noreferrer noopener\">Pour t\u00e9l\u00e9charger celui-ci, fichier.doc cliquer sur le texte<\/a><br><a href=\"http:\/\/www.cdmjsea95.org\/wp-content\/uploads\/2026\/01\/Fiche_et_adhesion_2026.pdf\" target=\"_blank\" rel=\"noreferrer noopener\">Pour t\u00e9l\u00e9charger celui-ci, fichier pdf cliquer sur le texte<\/a><\/h3>\n\n\n\n<p class=\"has-text-align-center has-text-color has-background has-link-color wp-elements-b97352fc09647809f897890fd047cf0a\" style=\"color:#260ce6;background-color:#9ef2ca;font-size:24px\"><strong>Pour les nouveaux r\u00e9cipiendaires de la m\u00e9daille de bronze et pour leur <\/strong><br><strong>1\u00e8re adh\u00e9sion, une offre a 50% leur est propos\u00e9e<\/strong>.<br><a href=\"http:\/\/www.cdmjsea95.org\/wp-content\/uploads\/2026\/01\/Offre-Medaille-de-bronze-2026.docx\" target=\"_blank\" rel=\"noreferrer noopener\">Pour t\u00e9l\u00e9charger celui-ci, fichier.doc cliquer sur le texte<\/a><br><a href=\"http:\/\/www.cdmjsea95.org\/wp-content\/uploads\/2026\/01\/Offre-Medaille-de-bronze-2026.pdf\" target=\"_blank\" rel=\"noreferrer noopener\">Pour t\u00e9l\u00e9charger celui-ci, fichier pdf cliquer sur le texte<\/a><a href=\"http:\/\/www.cdmjsea95.org\/wp-content\/uploads\/2025\/01\/Offre-adhesion-Medaille-de-bronze.pdf\" target=\"_blank\" rel=\"noreferrer noopener\"><br><\/a><\/p>\n\n\n\n<p class=\"has-text-align-center has-vivid-cyan-blue-color has-text-color has-background has-large-font-size\" style=\"background-color:#8dfcfb\"><a href=\"https:\/\/bit.ly\/45rWNAM\" target=\"_blank\" rel=\"noreferrer noopener\"><strong>Vous pouvez adh\u00e9rer ou renouveler votre adh\u00e9sion (m\u00eame pour l&rsquo;offre \u00e0 50%) en ligne s\u00e9curis\u00e9e<\/strong><br><strong> avec Helloasso pour cela cliquez sur le texte<\/strong><\/a><br>ou<br><strong>flasher le QRcode<\/strong><\/p>\n\n\n\n<div class=\"wp-block-columns is-layout-flex wp-container-core-columns-is-layout-9d6595d7 wp-block-columns-is-layout-flex\">\n<div class=\"wp-block-column is-layout-flow wp-block-column-is-layout-flow\" style=\"flex-basis:100%\">\n<figure class=\"wp-block-image size-full\"><img loading=\"lazy\" decoding=\"async\" width=\"600\" height=\"600\" src=\"http:\/\/www.cdmjsea95.org\/wp-content\/uploads\/2026\/01\/qrcode-1.png\" alt=\"\" class=\"wp-image-1550\" srcset=\"https:\/\/www.cdmjsea95.org\/wp-content\/uploads\/2026\/01\/qrcode-1.png 600w, https:\/\/www.cdmjsea95.org\/wp-content\/uploads\/2026\/01\/qrcode-1-300x300.png 300w, https:\/\/www.cdmjsea95.org\/wp-content\/uploads\/2026\/01\/qrcode-1-150x150.png 150w, https:\/\/www.cdmjsea95.org\/wp-content\/uploads\/2026\/01\/qrcode-1-100x100.png 100w\" sizes=\"auto, (max-width: 600px) 100vw, 600px\" \/><\/figure>\n<\/div>\n<\/div>\n\n\n\n<p><\/p>\n\n\n\n<p><\/p>\n","protected":false},"excerpt":{"rendered":"<p>Lors de l\u2019Assembl\u00e9e G\u00e9n\u00e9rale 2025, \u00e0 Montsoult, les cotisations, sans changement, ont \u00e9t\u00e9 approuv\u00e9es \u00e0 la majorit\u00e9 des suffrages exprim\u00e9s. Afin de mettre \u00e0 jour notre fichier, veuillez remplir les 2 pages du document. Pour t\u00e9l\u00e9charger celui-ci, fichier.doc cliquer sur le textePour t\u00e9l\u00e9charger celui-ci, fichier pdf cliquer sur le texte Pour les nouveaux r\u00e9cipiendaires de [&hellip;]<\/p>\n","protected":false},"author":1,"featured_media":0,"parent":0,"menu_order":0,"comment_status":"closed","ping_status":"closed","template":"","meta":{"footnotes":""},"class_list":["post-47","page","type-page","status-publish","hentry"],"_links":{"self":[{"href":"https:\/\/www.cdmjsea95.org\/index.php?rest_route=\/wp\/v2\/pages\/47","targetHints":{"allow":["GET"]}}],"collection":[{"href":"https:\/\/www.cdmjsea95.org\/index.php?rest_route=\/wp\/v2\/pages"}],"about":[{"href":"https:\/\/www.cdmjsea95.org\/index.php?rest_route=\/wp\/v2\/types\/page"}],"author":[{"embeddable":true,"href":"https:\/\/www.cdmjsea95.org\/index.php?rest_route=\/wp\/v2\/users\/1"}],"replies":[{"embeddable":true,"href":"https:\/\/www.cdmjsea95.org\/index.php?rest_route=%2Fwp%2Fv2%2Fcomments&post=47"}],"version-history":[{"count":71,"href":"https:\/\/www.cdmjsea95.org\/index.php?rest_route=\/wp\/v2\/pages\/47\/revisions"}],"predecessor-version":[{"id":1554,"href":"https:\/\/www.cdmjsea95.org\/index.php?rest_route=\/wp\/v2\/pages\/47\/revisions\/1554"}],"wp:attachment":[{"href":"https:\/\/www.cdmjsea95.org\/index.php?rest_route=%2Fwp%2Fv2%2Fmedia&parent=47"}],"curies":[{"name":"wp","href":"https:\/\/api.w.org\/{rel}","templated":true}]}}